{"id":80,"date":"2026-04-14T20:58:11","date_gmt":"2026-04-14T18:58:11","guid":{"rendered":"https:\/\/au-gres-des-sentiers.fr\/?page_id=80"},"modified":"2026-04-14T20:58:11","modified_gmt":"2026-04-14T18:58:11","slug":"chateaux-de-ribeauville","status":"publish","type":"page","link":"https:\/\/au-gres-des-sentiers.fr\/index.php\/chateaux-de-ribeauville\/","title":{"rendered":"Ch\u00e2teaux de Ribeauvill\u00e9"},"content":{"rendered":"\n<h2 class=\"wp-block-heading has-text-align-right\"><\/h2>\n\n\n\n<div style=\"height:10px\" aria-hidden=\"true\" class=\"wp-block-spacer\"><\/div>\n\n\n\n<figure class=\"wp-block-image alignwide size-large\"><img loading=\"lazy\" decoding=\"async\" width=\"1024\" height=\"438\" src=\"https:\/\/au-gres-des-sentiers.fr\/wp-content\/uploads\/2026\/04\/IMG_20231119_211456_PANO-1024x438.jpg\" alt=\"\" class=\"wp-image-104\" srcset=\"https:\/\/au-gres-des-sentiers.fr\/wp-content\/uploads\/2026\/04\/IMG_20231119_211456_PANO-1024x438.jpg 1024w, https:\/\/au-gres-des-sentiers.fr\/wp-content\/uploads\/2026\/04\/IMG_20231119_211456_PANO-300x128.jpg 300w, https:\/\/au-gres-des-sentiers.fr\/wp-content\/uploads\/2026\/04\/IMG_20231119_211456_PANO-768x329.jpg 768w, https:\/\/au-gres-des-sentiers.fr\/wp-content\/uploads\/2026\/04\/IMG_20231119_211456_PANO-1536x657.jpg 1536w, https:\/\/au-gres-des-sentiers.fr\/wp-content\/uploads\/2026\/04\/IMG_20231119_211456_PANO-2048x876.jpg 2048w\" sizes=\"auto, (max-width: 1024px) 100vw, 1024px\" \/><\/figure>\n\n\n\n<div style=\"height:20px\" aria-hidden=\"true\" class=\"wp-block-spacer\"><\/div>\n\n\n\n<h4 class=\"wp-block-heading\"><br><br>Montez \u00e0 l\u2019assaut des ch\u00e2teaux du Girsberg et du St-Ulrich\u00a0!<\/h4>\n\n\n\n<p>Apr\u00e8s une ascension toute en douceur au c\u0153ur d\u2019une for\u00eat profonde, les \u00e9troits sentiers laisseront la place \u00e0 d\u2019imposants ch\u00e2teaux-forts. Ces ruines pr\u00e9serv\u00e9es qui surplombent Ribeauvill\u00e9 sont de remarquables exemples de l\u2019architecture m\u00e9di\u00e9vale. Vous d\u00e9couvrirez comment ces hautes murailles assuraient la d\u00e9fense de seigneurs puissants.<\/p>\n\n\n\n<p>Mais ces vieilles pierres sont aussi le th\u00e9\u00e2tre d\u2019histoires \u00e9tonnantes. Seigneur prodigue, fr\u00e8res malheureux, troubadours et m\u00e9n\u00e9triers&#8230;Charlotte vous contera les l\u00e9gendes qui hantent ces lieux charg\u00e9s d\u2019Histoire.<\/p>\n\n\n\n<p>La beaut\u00e9 de ce haut-lieu du patrimoine doit aussi beaucoup aux vues \u00e0 couper le souffle qui s\u2019\u00e9tendent sur toute la plaine d\u2019Alsace, avec Ribeauvill\u00e9 \u00e0 vos pieds.<\/p>\n\n\n\n<p>Un moment convivial permettra de reprendre votre souffle avant d\u2019entamer une descente entre for\u00eats et vignes.<\/p>\n\n\n\n<div style=\"height:10px\" aria-hidden=\"true\" class=\"wp-block-spacer\"><\/div>\n\n\n\n<h4 class=\"wp-block-heading\"><strong>Points forts<\/strong><\/h4>\n\n\n\n<ul class=\"wp-block-list\">\n<li>Deux ruines de ch\u00e2teaux-forts m\u00e9di\u00e9vaux remarquablement pr\u00e9serv\u00e9es<\/li>\n\n\n\n<li>Contes et l\u00e9gendes associ\u00e9s<\/li>\n\n\n\n<li>Vues imprenables sur Ribeauvill\u00e9 et la plaine d\u2019Alsace<\/li>\n<\/ul>\n\n\n\n<div style=\"height:10px\" aria-hidden=\"true\" class=\"wp-block-spacer\"><\/div>\n\n\n\n<div class=\"wp-block-buttons is-horizontal is-content-justification-center is-layout-flex wp-container-core-buttons-is-layout-03627597 wp-block-buttons-is-layout-flex\">\n<div class=\"wp-block-button\"><a class=\"wp-block-button__link wp-element-button\" href=\"mailto:contact@au-gres-des-sentiers.fr\" target=\"_blank\" rel=\"noreferrer noopener\">R\u00e9server<\/a><\/div>\n<\/div>\n\n\n\n<div style=\"height:10px\" aria-hidden=\"true\" class=\"wp-block-spacer\"><\/div>\n\n\n\n<figure class=\"wp-block-image size-large\"><img loading=\"lazy\" decoding=\"async\" width=\"1024\" height=\"768\" src=\"https:\/\/au-gres-des-sentiers.fr\/wp-content\/uploads\/2026\/04\/ChateauxRibeauville_2-1024x768.jpg\" alt=\"\" class=\"wp-image-105\" srcset=\"https:\/\/au-gres-des-sentiers.fr\/wp-content\/uploads\/2026\/04\/ChateauxRibeauville_2-1024x768.jpg 1024w, https:\/\/au-gres-des-sentiers.fr\/wp-content\/uploads\/2026\/04\/ChateauxRibeauville_2-300x225.jpg 300w, https:\/\/au-gres-des-sentiers.fr\/wp-content\/uploads\/2026\/04\/ChateauxRibeauville_2-768x576.jpg 768w, https:\/\/au-gres-des-sentiers.fr\/wp-content\/uploads\/2026\/04\/ChateauxRibeauville_2-1536x1152.jpg 1536w, https:\/\/au-gres-des-sentiers.fr\/wp-content\/uploads\/2026\/04\/ChateauxRibeauville_2-2048x1536.jpg 2048w\" sizes=\"auto, (max-width: 1024px) 100vw, 1024px\" \/><\/figure>\n\n\n\n<div style=\"height:10px\" aria-hidden=\"true\" class=\"wp-block-spacer\"><\/div>\n\n\n\n<h4 class=\"wp-block-heading\"><strong>Date<\/strong><\/h4>\n\n\n\n<ul class=\"wp-block-list\">\n<li>Mercredi 22 avril<\/li>\n<\/ul>\n\n\n\n<div style=\"height:10px\" aria-hidden=\"true\" class=\"wp-block-spacer\"><\/div>\n\n\n\n<h4 class=\"wp-block-heading\"><strong>Conditions<\/strong><\/h4>\n\n\n\n<ul class=\"wp-block-list\">\n<li> Pr\u00e9voir des v\u00eatements adapt\u00e9s \u00e0 la randonn\u00e9e et \u00e0 la m\u00e9t\u00e9o, de bonnes chaussures pour marcher (avec une bonne accroche) et emmener de l\u2019eau.<\/li>\n<\/ul>\n\n\n\n<ul class=\"wp-block-list\">\n<li>Itin\u00e9raire empruntant des sentiers, parfois rocailleux, et avec de la mont\u00e9e, progressive mais importante (env. 300m de d\u00e9nivel\u00e9es)\u00a0: un minimum de condition physique est requis.<\/li>\n<\/ul>\n\n\n\n<div style=\"height:10px\" aria-hidden=\"true\" class=\"wp-block-spacer\"><\/div>\n\n\n\n<h4 class=\"wp-block-heading\"><strong>Tarifs<\/strong><\/h4>\n\n\n\n<ul class=\"wp-block-list\">\n<li>Adulte\u00a0: 20\u20ac<\/li>\n\n\n\n<li>Ado (12-17 ans)\u00a0: 16\u20ac<\/li>\n\n\n\n<li>Enfant (9-11 ans)\u00a0: 12\u20ac<\/li>\n<\/ul>\n\n\n\n<div style=\"height:10px\" aria-hidden=\"true\" class=\"wp-block-spacer\"><\/div>\n\n\n\n<h4 class=\"wp-block-heading\"><strong>Informations pratiques<\/strong><\/h4>\n\n\n\n<p><strong><em>Lieu de RDV\u00a0:<\/em><\/strong> parking Hohlegasse (82 rue du 3 d\u00e9cembre, \u00ab parking 120 places\u00a0\u00bb) \u00e0 Ribeauvill\u00e9<\/p>\n\n\n\n<p><strong><em>Heure de RDV&nbsp;: <\/em><\/strong>14h<\/p>\n\n\n\n<p><strong><em>Dur\u00e9e&nbsp;:<\/em><\/strong> 3h \u00e0 3h30<\/p>\n\n\n\n<p><em><strong>Public<\/strong>\u00a0<strong>:<\/strong><\/em> tout public \u00e0 partir de 9 ans (ne convient pas aux poussettes)<\/p>\n\n\n\n<div style=\"height:10px\" aria-hidden=\"true\" class=\"wp-block-spacer\"><\/div>\n\n\n\n<h4 class=\"wp-block-heading\"><strong>R\u00e9servation<\/strong><\/h4>\n\n\n\n<p>R\u00e9servation obligatoire par mail, SMS ou appel t\u00e9l\u00e9phonique\u00a0jusqu\u2019\u00e0 la veille 20h \u00e0 <a href=\"mailto:contact@au-gres-des-sentiers.fr\">contact@au-gres-des-sentiers.fr<\/a> ou au <a href=\"tel:0759771692\">07 59 77 16 92<\/a><\/p>\n\n\n\n<p style=\"font-size:clamp(14px, 0.875rem + ((1vw - 3.2px) * 0.104), 15px);\">(<em>r\u00e9servation de derni\u00e8re minute possible mais non garantie <em>et <em>sous r\u00e9serve de places disponibles<\/em><\/em> par appel t\u00e9l\u00e9phonique jusqu\u2019au jour m\u00eame \u00e0 midi<\/em>).<\/p>\n\n\n\n<div class=\"wp-block-buttons is-content-justification-center is-layout-flex wp-container-core-buttons-is-layout-a89b3969 wp-block-buttons-is-layout-flex\">\n<div class=\"wp-block-button\"><a class=\"wp-block-button__link wp-element-button\" href=\"mailto:contact@au-gres-des-sentiers.fr\" target=\"_blank\" rel=\"noreferrer noopener\">R\u00e9server par mail<\/a><\/div>\n\n\n\n<div class=\"wp-block-button\"><a class=\"wp-block-button__link wp-element-button\" href=\"tel:+33759771692\" target=\"_blank\" rel=\"noreferrer noopener\">Appeler<\/a><\/div>\n<\/div>\n\n\n\n<div style=\"height:10px\" aria-hidden=\"true\" class=\"wp-block-spacer\"><\/div>\n\n\n\n<figure class=\"wp-block-image size-large\"><img loading=\"lazy\" decoding=\"async\" width=\"1024\" height=\"768\" src=\"https:\/\/au-gres-des-sentiers.fr\/wp-content\/uploads\/2026\/04\/IMG_20231119_211038-1024x768.jpg\" alt=\"\" class=\"wp-image-106\" srcset=\"https:\/\/au-gres-des-sentiers.fr\/wp-content\/uploads\/2026\/04\/IMG_20231119_211038-1024x768.jpg 1024w, https:\/\/au-gres-des-sentiers.fr\/wp-content\/uploads\/2026\/04\/IMG_20231119_211038-300x225.jpg 300w, https:\/\/au-gres-des-sentiers.fr\/wp-content\/uploads\/2026\/04\/IMG_20231119_211038-768x576.jpg 768w, https:\/\/au-gres-des-sentiers.fr\/wp-content\/uploads\/2026\/04\/IMG_20231119_211038-1536x1152.jpg 1536w, https:\/\/au-gres-des-sentiers.fr\/wp-content\/uploads\/2026\/04\/IMG_20231119_211038-2048x1536.jpg 2048w\" sizes=\"auto, (max-width: 1024px) 100vw, 1024px\" \/><\/figure>\n\n\n\n<p><\/p>\n","protected":false},"excerpt":{"rendered":"<p>Montez \u00e0 l\u2019assaut des ch\u00e2teaux du Girsberg et du St-Ulrich\u00a0! Apr\u00e8s une ascension toute en douceur au c\u0153ur d\u2019une for\u00eat profonde, les \u00e9troits sentiers laisseront la place \u00e0 d\u2019imposants ch\u00e2teaux-forts. Ces ruines pr\u00e9serv\u00e9es qui surplombent Ribeauvill\u00e9 sont de remarquables exemples de l\u2019architecture m\u00e9di\u00e9vale. Vous d\u00e9couvrirez comment ces hautes murailles assuraient la d\u00e9fense de seigneurs puissants. [&hellip;]<\/p>\n","protected":false},"author":1,"featured_media":0,"parent":0,"menu_order":0,"comment_status":"closed","ping_status":"closed","template":"","meta":{"footnotes":""},"class_list":["post-80","page","type-page","status-publish","hentry"],"_links":{"self":[{"href":"https:\/\/au-gres-des-sentiers.fr\/index.php\/wp-json\/wp\/v2\/pages\/80","targetHints":{"allow":["GET"]}}],"collection":[{"href":"https:\/\/au-gres-des-sentiers.fr\/index.php\/wp-json\/wp\/v2\/pages"}],"about":[{"href":"https:\/\/au-gres-des-sentiers.fr\/index.php\/wp-json\/wp\/v2\/types\/page"}],"author":[{"embeddable":true,"href":"https:\/\/au-gres-des-sentiers.fr\/index.php\/wp-json\/wp\/v2\/users\/1"}],"replies":[{"embeddable":true,"href":"https:\/\/au-gres-des-sentiers.fr\/index.php\/wp-json\/wp\/v2\/comments?post=80"}],"version-history":[{"count":1,"href":"https:\/\/au-gres-des-sentiers.fr\/index.php\/wp-json\/wp\/v2\/pages\/80\/revisions"}],"predecessor-version":[{"id":107,"href":"https:\/\/au-gres-des-sentiers.fr\/index.php\/wp-json\/wp\/v2\/pages\/80\/revisions\/107"}],"wp:attachment":[{"href":"https:\/\/au-gres-des-sentiers.fr\/index.php\/wp-json\/wp\/v2\/media?parent=80"}],"curies":[{"name":"wp","href":"https:\/\/api.w.org\/{rel}","templated":true}]}}

Châteaux de Ribeauvillé

<h2 class="wp-block-heading has-text-align-right"></h2>



<div style="height:10px" aria-hidden="true" class="wp-block-spacer"></div>



<figure class="wp-block-image alignwide size-large"><img loading="lazy" decoding="async" width="1024" height="438" src="https://au-gres-des-sentiers.fr/wp-content/uploads/2026/04/IMG_20231119_211456_PANO-1024x438.jpg" alt="" class="wp-image-104" srcset="https://au-gres-des-sentiers.fr/wp-content/uploads/2026/04/IMG_20231119_211456_PANO-1024x438.jpg 1024w, https://au-gres-des-sentiers.fr/wp-content/uploads/2026/04/IMG_20231119_211456_PANO-300x128.jpg 300w, https://au-gres-des-sentiers.fr/wp-content/uploads/2026/04/IMG_20231119_211456_PANO-768x329.jpg 768w, https://au-gres-des-sentiers.fr/wp-content/uploads/2026/04/IMG_20231119_211456_PANO-1536x657.jpg 1536w, https://au-gres-des-sentiers.fr/wp-content/uploads/2026/04/IMG_20231119_211456_PANO-2048x876.jpg 2048w" sizes="auto, (max-width: 1024px) 100vw, 1024px" /></figure>



<div style="height:20px" aria-hidden="true" class="wp-block-spacer"></div>



<h4 class="wp-block-heading"><br><br>Montez à l’assaut des châteaux du Girsberg et du St-Ulrich !</h4>



<p>Après une ascension toute en douceur au cœur d’une forêt profonde, les étroits sentiers laisseront la place à d’imposants châteaux-forts. Ces ruines préservées qui surplombent Ribeauvillé sont de remarquables exemples de l’architecture médiévale. Vous découvrirez comment ces hautes murailles assuraient la défense de seigneurs puissants.</p>



<p>Mais ces vieilles pierres sont aussi le théâtre d’histoires étonnantes. Seigneur prodigue, frères malheureux, troubadours et ménétriers&#8230;Charlotte vous contera les légendes qui hantent ces lieux chargés d’Histoire.</p>



<p>La beauté de ce haut-lieu du patrimoine doit aussi beaucoup aux vues à couper le souffle qui s’étendent sur toute la plaine d’Alsace, avec Ribeauvillé à vos pieds.</p>



<p>Un moment convivial permettra de reprendre votre souffle avant d’entamer une descente entre forêts et vignes.</p>



<div style="height:10px" aria-hidden="true" class="wp-block-spacer"></div>



<h4 class="wp-block-heading"><strong>Points forts</strong></h4>



<ul class="wp-block-list">
<li>Deux ruines de châteaux-forts médiévaux remarquablement préservées</li>



<li>Contes et légendes associés</li>



<li>Vues imprenables sur Ribeauvillé et la plaine d’Alsace</li>
</ul>



<div style="height:10px" aria-hidden="true" class="wp-block-spacer"></div>



<div class="wp-block-buttons is-horizontal is-content-justification-center is-layout-flex wp-container-core-buttons-is-layout-03627597 wp-block-buttons-is-layout-flex">
<div class="wp-block-button"><a class="wp-block-button__link wp-element-button" href="mailto:contact@au-gres-des-sentiers.fr" target="_blank" rel="noreferrer noopener">Réserver</a></div>
</div>



<div style="height:10px" aria-hidden="true" class="wp-block-spacer"></div>



<figure class="wp-block-image size-large"><img loading="lazy" decoding="async" width="1024" height="768" src="https://au-gres-des-sentiers.fr/wp-content/uploads/2026/04/ChateauxRibeauville_2-1024x768.jpg" alt="" class="wp-image-105" srcset="https://au-gres-des-sentiers.fr/wp-content/uploads/2026/04/ChateauxRibeauville_2-1024x768.jpg 1024w, https://au-gres-des-sentiers.fr/wp-content/uploads/2026/04/ChateauxRibeauville_2-300x225.jpg 300w, https://au-gres-des-sentiers.fr/wp-content/uploads/2026/04/ChateauxRibeauville_2-768x576.jpg 768w, https://au-gres-des-sentiers.fr/wp-content/uploads/2026/04/ChateauxRibeauville_2-1536x1152.jpg 1536w, https://au-gres-des-sentiers.fr/wp-content/uploads/2026/04/ChateauxRibeauville_2-2048x1536.jpg 2048w" sizes="auto, (max-width: 1024px) 100vw, 1024px" /></figure>



<div style="height:10px" aria-hidden="true" class="wp-block-spacer"></div>



<h4 class="wp-block-heading"><strong>Date</strong></h4>



<ul class="wp-block-list">
<li>Mercredi 22 avril</li>
</ul>



<div style="height:10px" aria-hidden="true" class="wp-block-spacer"></div>



<h4 class="wp-block-heading"><strong>Conditions</strong></h4>



<ul class="wp-block-list">
<li> Prévoir des vêtements adaptés à la randonnée et à la météo, de bonnes chaussures pour marcher (avec une bonne accroche) et emmener de l’eau.</li>
</ul>



<ul class="wp-block-list">
<li>Itinéraire empruntant des sentiers, parfois rocailleux, et avec de la montée, progressive mais importante (env. 300m de dénivelées) : un minimum de condition physique est requis.</li>
</ul>



<div style="height:10px" aria-hidden="true" class="wp-block-spacer"></div>



<h4 class="wp-block-heading"><strong>Tarifs</strong></h4>



<ul class="wp-block-list">
<li>Adulte : 20€</li>



<li>Ado (12-17 ans) : 16€</li>



<li>Enfant (9-11 ans) : 12€</li>
</ul>



<div style="height:10px" aria-hidden="true" class="wp-block-spacer"></div>



<h4 class="wp-block-heading"><strong>Informations pratiques</strong></h4>



<p><strong><em>Lieu de RDV :</em></strong> parking Hohlegasse (82 rue du 3 décembre, « parking 120 places ») à Ribeauvillé</p>



<p><strong><em>Heure de RDV&nbsp;: </em></strong>14h</p>



<p><strong><em>Durée&nbsp;:</em></strong> 3h à 3h30</p>



<p><em><strong>Public</strong> <strong>:</strong></em> tout public à partir de 9 ans (ne convient pas aux poussettes)</p>



<div style="height:10px" aria-hidden="true" class="wp-block-spacer"></div>



<h4 class="wp-block-heading"><strong>Réservation</strong></h4>



<p>Réservation obligatoire par mail, SMS ou appel téléphonique jusqu’à la veille 20h à <a href="mailto:contact@au-gres-des-sentiers.fr">contact@au-gres-des-sentiers.fr</a> ou au <a href="tel:0759771692">07 59 77 16 92</a></p>



<p style="font-size:clamp(14px, 0.875rem + ((1vw - 3.2px) * 0.104), 15px);">(<em>réservation de dernière minute possible mais non garantie <em>et <em>sous réserve de places disponibles</em></em> par appel téléphonique jusqu’au jour même à midi</em>).</p>



<div class="wp-block-buttons is-content-justification-center is-layout-flex wp-container-core-buttons-is-layout-a89b3969 wp-block-buttons-is-layout-flex">
<div class="wp-block-button"><a class="wp-block-button__link wp-element-button" href="mailto:contact@au-gres-des-sentiers.fr" target="_blank" rel="noreferrer noopener">Réserver par mail</a></div>



<div class="wp-block-button"><a class="wp-block-button__link wp-element-button" href="tel:+33759771692" target="_blank" rel="noreferrer noopener">Appeler</a></div>
</div>



<div style="height:10px" aria-hidden="true" class="wp-block-spacer"></div>



<figure class="wp-block-image size-large"><img loading="lazy" decoding="async" width="1024" height="768" src="https://au-gres-des-sentiers.fr/wp-content/uploads/2026/04/IMG_20231119_211038-1024x768.jpg" alt="" class="wp-image-106" srcset="https://au-gres-des-sentiers.fr/wp-content/uploads/2026/04/IMG_20231119_211038-1024x768.jpg 1024w, https://au-gres-des-sentiers.fr/wp-content/uploads/2026/04/IMG_20231119_211038-300x225.jpg 300w, https://au-gres-des-sentiers.fr/wp-content/uploads/2026/04/IMG_20231119_211038-768x576.jpg 768w, https://au-gres-des-sentiers.fr/wp-content/uploads/2026/04/IMG_20231119_211038-1536x1152.jpg 1536w, https://au-gres-des-sentiers.fr/wp-content/uploads/2026/04/IMG_20231119_211038-2048x1536.jpg 2048w" sizes="auto, (max-width: 1024px) 100vw, 1024px" /></figure>



<p></p>

<p>Montez à l’assaut des châteaux du Girsberg et du St-Ulrich ! Après une ascension toute en douceur au cœur d’une forêt profonde, les étroits sentiers laisseront la place à d’imposants châteaux-forts. Ces ruines préservées qui surplombent Ribeauvillé sont de remarquables exemples de l’architecture médiévale. Vous découvrirez comment ces hautes murailles assuraient la défense de seigneurs puissants. [&hellip;]</p>
