{"id":79,"date":"2026-04-14T20:23:32","date_gmt":"2026-04-14T18:23:32","guid":{"rendered":"https:\/\/au-gres-des-sentiers.fr\/?page_id=79"},"modified":"2026-04-14T20:42:53","modified_gmt":"2026-04-14T18:42:53","slug":"du-terroir-a-la-vigne","status":"publish","type":"page","link":"https:\/\/au-gres-des-sentiers.fr\/index.php\/du-terroir-a-la-vigne\/","title":{"rendered":"Du terroir \u00e0 la vigne"},"content":{"rendered":"\n<h2 class=\"wp-block-heading has-text-align-right\">Au Grasberg, \u00e0 Bergheim<\/h2>\n\n\n\n<div style=\"height:10px\" aria-hidden=\"true\" class=\"wp-block-spacer\"><\/div>\n\n\n\n<figure class=\"wp-block-image alignwide size-large\"><img loading=\"lazy\" decoding=\"async\" width=\"1024\" height=\"515\" src=\"https:\/\/au-gres-des-sentiers.fr\/wp-content\/uploads\/2026\/04\/Vignes-mineraux_1pano-1024x515.jpg\" alt=\"\" class=\"wp-image-95\" srcset=\"https:\/\/au-gres-des-sentiers.fr\/wp-content\/uploads\/2026\/04\/Vignes-mineraux_1pano-1024x515.jpg 1024w, https:\/\/au-gres-des-sentiers.fr\/wp-content\/uploads\/2026\/04\/Vignes-mineraux_1pano-300x151.jpg 300w, https:\/\/au-gres-des-sentiers.fr\/wp-content\/uploads\/2026\/04\/Vignes-mineraux_1pano-768x387.jpg 768w, https:\/\/au-gres-des-sentiers.fr\/wp-content\/uploads\/2026\/04\/Vignes-mineraux_1pano-1536x773.jpg 1536w, https:\/\/au-gres-des-sentiers.fr\/wp-content\/uploads\/2026\/04\/Vignes-mineraux_1pano-2048x1031.jpg 2048w\" sizes=\"auto, (max-width: 1024px) 100vw, 1024px\" \/><\/figure>\n\n\n\n<div style=\"height:20px\" aria-hidden=\"true\" class=\"wp-block-spacer\"><\/div>\n\n\n\n<h4 class=\"wp-block-heading\"><br>Au c\u0153ur du vignoble, d\u00e9couvrez les richesses du sous-sol et comment elles forgent la diversit\u00e9 des vins d\u2019Alsace&nbsp;!<\/h4>\n\n\n\n<p>Vous explorerez la colline s\u00e8che du Grasberg, pr\u00e8s de Bergheim, qui rec\u00e8lent nombre de surprises. Fossiles, min\u00e9raux, anciennes carri\u00e8res,&#8230;tant de curiosit\u00e9s g\u00e9ologiques que Charlotte se fera une joie de vous expliquer, \u00e9chantillons \u00e0 l\u2019appui. Cette diversit\u00e9 min\u00e9rale est en grande partie li\u00e9e directement \u00e0 la pluralit\u00e9 des vins de nos terroirs.<\/p>\n\n\n\n<p>Charlotte vous racontera le travail des vignerons tout au long de votre cheminement dans le vignoble o\u00f9 les vues, nombreuses, vous permettront d\u2019admirer le Haut-Koenigsbourg et le ch\u00e2teau du Reichenberg.<\/p>\n\n\n\n<p>Apr\u00e8s avoir arpent\u00e9 les vignes, vous aurez le privil\u00e8ge de d\u00e9guster un vin local dans un cadre sublime. Ce moment convivial et d\u00e9salt\u00e9rant ach\u00e8vera une sortie riche en d\u00e9couvertes.<\/p>\n\n\n\n<div style=\"height:10px\" aria-hidden=\"true\" class=\"wp-block-spacer\"><\/div>\n\n\n\n<h4 class=\"wp-block-heading\"><strong>Points forts<\/strong><\/h4>\n\n\n\n<ul class=\"wp-block-list\">\n<li>Roches, min\u00e9raux et fossiles \u00e0 observer<\/li>\n\n\n\n<li>Vues tout au long d\u2019un parcours au pied du Haut-Koenigsbourg<\/li>\n\n\n\n<li>Moment convivial avec d\u00e9gustation d\u2019un vin local<\/li>\n<\/ul>\n\n\n\n<div style=\"height:10px\" aria-hidden=\"true\" class=\"wp-block-spacer\"><\/div>\n\n\n\n<div class=\"wp-block-buttons is-horizontal is-content-justification-center is-layout-flex wp-container-core-buttons-is-layout-03627597 wp-block-buttons-is-layout-flex\">\n<div class=\"wp-block-button\"><a class=\"wp-block-button__link wp-element-button\" href=\"mailto:contact@au-gres-des-sentiers.fr\" target=\"_blank\" rel=\"noreferrer noopener\">R\u00e9server<\/a><\/div>\n<\/div>\n\n\n\n<div style=\"height:10px\" aria-hidden=\"true\" class=\"wp-block-spacer\"><\/div>\n\n\n\n<figure class=\"wp-block-image size-large\"><img loading=\"lazy\" decoding=\"async\" width=\"1024\" height=\"768\" src=\"https:\/\/au-gres-des-sentiers.fr\/wp-content\/uploads\/2026\/04\/IMG_20250402_165239-1024x768.jpg\" alt=\"\" class=\"wp-image-96\" srcset=\"https:\/\/au-gres-des-sentiers.fr\/wp-content\/uploads\/2026\/04\/IMG_20250402_165239-1024x768.jpg 1024w, https:\/\/au-gres-des-sentiers.fr\/wp-content\/uploads\/2026\/04\/IMG_20250402_165239-300x225.jpg 300w, https:\/\/au-gres-des-sentiers.fr\/wp-content\/uploads\/2026\/04\/IMG_20250402_165239-768x576.jpg 768w, https:\/\/au-gres-des-sentiers.fr\/wp-content\/uploads\/2026\/04\/IMG_20250402_165239-1536x1152.jpg 1536w, https:\/\/au-gres-des-sentiers.fr\/wp-content\/uploads\/2026\/04\/IMG_20250402_165239-2048x1536.jpg 2048w\" sizes=\"auto, (max-width: 1024px) 100vw, 1024px\" \/><\/figure>\n\n\n\n<div style=\"height:10px\" aria-hidden=\"true\" class=\"wp-block-spacer\"><\/div>\n\n\n\n<h4 class=\"wp-block-heading\"><strong>Date<\/strong><\/h4>\n\n\n\n<ul class=\"wp-block-list\">\n<li>Mardi 21 avril<\/li>\n<\/ul>\n\n\n\n<div style=\"height:10px\" aria-hidden=\"true\" class=\"wp-block-spacer\"><\/div>\n\n\n\n<h4 class=\"wp-block-heading\"><strong>Conditions<\/strong><\/h4>\n\n\n\n<p><strong>&nbsp;<\/strong>Pr\u00e9voir des v\u00eatements adapt\u00e9s \u00e0 la randonn\u00e9e, de bonnes chaussures pour marcher, et emmener de l\u2019eau.<\/p>\n\n\n\n<div style=\"height:10px\" aria-hidden=\"true\" class=\"wp-block-spacer\"><\/div>\n\n\n\n<h4 class=\"wp-block-heading\"><strong>Tarifs<\/strong><\/h4>\n\n\n\n<ul class=\"wp-block-list\">\n<li>Adulte&nbsp;: 25\u20ac<\/li>\n\n\n\n<li>Ado (12-17 ans)&nbsp;: 20\u20ac<\/li>\n\n\n\n<li>Enfant (7-11 ans)&nbsp;: 15\u20ac<\/li>\n<\/ul>\n\n\n\n<div style=\"height:10px\" aria-hidden=\"true\" class=\"wp-block-spacer\"><\/div>\n\n\n\n<h4 class=\"wp-block-heading\"><strong>Informations pratiques<\/strong><\/h4>\n\n\n\n<p><strong><em>Lieu de RDV&nbsp;:<\/em><\/strong> parking du cimeti\u00e8re militaire allemand du Grasberg \u00e0 Bergheim (Grasbergweg)<\/p>\n\n\n\n<p><strong><em>Heure de RDV&nbsp;: <\/em><\/strong>14h<\/p>\n\n\n\n<p><strong><em>Dur\u00e9e&nbsp;:<\/em><\/strong> 3h \u00e0 3h30<\/p>\n\n\n\n<p><em><strong>Public<\/strong>&nbsp;<strong>:<\/strong><\/em> tout public \u00e0 partir de 7 ans (ne convient pas aux poussettes)<\/p>\n\n\n\n<div style=\"height:10px\" aria-hidden=\"true\" class=\"wp-block-spacer\"><\/div>\n\n\n\n<h4 class=\"wp-block-heading\"><strong>R\u00e9servation<\/strong><\/h4>\n\n\n\n<p><em><strong>R\u00e9servation obligatoire<\/strong><\/em> par mail, SMS ou appel t\u00e9l\u00e9phonique&nbsp;jusqu\u2019\u00e0 la veille 11h \u00e0 <a href=\"mailto:contact@au-gres-des-sentiers.fr\">contact@au-gres-des-sentiers.fr<\/a> ou au <a href=\"tel:0759771692\">07 59 77 16 92<\/a> <\/p>\n\n\n\n<p style=\"font-size:clamp(14px, 0.875rem + ((1vw - 3.2px) * 0.104), 15px);\">(<em>r\u00e9servation de derni\u00e8re minute possible de mani\u00e8re exceptionnelle et <em>uniquement par t\u00e9l\u00e9phone<\/em><\/em> <em>jusqu\u2019au jour m\u00eame \u00e0 midi<\/em>, <em>sans garantie et <em>sous r\u00e9serve de places disponibles<\/em><\/em>).<\/p>\n\n\n\n<div class=\"wp-block-buttons is-content-justification-center is-layout-flex wp-container-core-buttons-is-layout-a89b3969 wp-block-buttons-is-layout-flex\">\n<div class=\"wp-block-button\"><a class=\"wp-block-button__link wp-element-button\" href=\"mailto:contact@au-gres-des-sentiers.fr\" target=\"_blank\" rel=\"noreferrer noopener\">R\u00e9server par mail<\/a><\/div>\n\n\n\n<div class=\"wp-block-button\"><a class=\"wp-block-button__link wp-element-button\" href=\"tel:+33759771692\" target=\"_blank\" rel=\"noreferrer noopener\">Appeler<\/a><\/div>\n<\/div>\n\n\n\n<div style=\"height:10px\" aria-hidden=\"true\" class=\"wp-block-spacer\"><\/div>\n\n\n\n<figure class=\"wp-block-image size-large\"><img loading=\"lazy\" decoding=\"async\" width=\"1024\" height=\"768\" src=\"https:\/\/au-gres-des-sentiers.fr\/wp-content\/uploads\/2026\/04\/IMG_20250402_154356-1024x768.jpg\" alt=\"\" class=\"wp-image-97\" srcset=\"https:\/\/au-gres-des-sentiers.fr\/wp-content\/uploads\/2026\/04\/IMG_20250402_154356-1024x768.jpg 1024w, https:\/\/au-gres-des-sentiers.fr\/wp-content\/uploads\/2026\/04\/IMG_20250402_154356-300x225.jpg 300w, https:\/\/au-gres-des-sentiers.fr\/wp-content\/uploads\/2026\/04\/IMG_20250402_154356-768x576.jpg 768w, https:\/\/au-gres-des-sentiers.fr\/wp-content\/uploads\/2026\/04\/IMG_20250402_154356-1536x1152.jpg 1536w, https:\/\/au-gres-des-sentiers.fr\/wp-content\/uploads\/2026\/04\/IMG_20250402_154356-2048x1536.jpg 2048w\" sizes=\"auto, (max-width: 1024px) 100vw, 1024px\" \/><\/figure>\n","protected":false},"excerpt":{"rendered":"<p>Au Grasberg, \u00e0 Bergheim Au c\u0153ur du vignoble, d\u00e9couvrez les richesses du sous-sol et comment elles forgent la diversit\u00e9 des vins d\u2019Alsace&nbsp;! Vous explorerez la colline s\u00e8che du Grasberg, pr\u00e8s de Bergheim, qui rec\u00e8lent nombre de surprises. Fossiles, min\u00e9raux, anciennes carri\u00e8res,&#8230;tant de curiosit\u00e9s g\u00e9ologiques que Charlotte se fera une joie de vous expliquer, \u00e9chantillons \u00e0 [&hellip;]<\/p>\n","protected":false},"author":1,"featured_media":0,"parent":0,"menu_order":0,"comment_status":"closed","ping_status":"closed","template":"","meta":{"footnotes":""},"class_list":["post-79","page","type-page","status-publish","hentry"],"_links":{"self":[{"href":"https:\/\/au-gres-des-sentiers.fr\/index.php\/wp-json\/wp\/v2\/pages\/79","targetHints":{"allow":["GET"]}}],"collection":[{"href":"https:\/\/au-gres-des-sentiers.fr\/index.php\/wp-json\/wp\/v2\/pages"}],"about":[{"href":"https:\/\/au-gres-des-sentiers.fr\/index.php\/wp-json\/wp\/v2\/types\/page"}],"author":[{"embeddable":true,"href":"https:\/\/au-gres-des-sentiers.fr\/index.php\/wp-json\/wp\/v2\/users\/1"}],"replies":[{"embeddable":true,"href":"https:\/\/au-gres-des-sentiers.fr\/index.php\/wp-json\/wp\/v2\/comments?post=79"}],"version-history":[{"count":4,"href":"https:\/\/au-gres-des-sentiers.fr\/index.php\/wp-json\/wp\/v2\/pages\/79\/revisions"}],"predecessor-version":[{"id":101,"href":"https:\/\/au-gres-des-sentiers.fr\/index.php\/wp-json\/wp\/v2\/pages\/79\/revisions\/101"}],"wp:attachment":[{"href":"https:\/\/au-gres-des-sentiers.fr\/index.php\/wp-json\/wp\/v2\/media?parent=79"}],"curies":[{"name":"wp","href":"https:\/\/api.w.org\/{rel}","templated":true}]}}

Du terroir à la vigne

<h2 class="wp-block-heading has-text-align-right">Au Grasberg, à Bergheim</h2>



<div style="height:10px" aria-hidden="true" class="wp-block-spacer"></div>



<figure class="wp-block-image alignwide size-large"><img loading="lazy" decoding="async" width="1024" height="515" src="https://au-gres-des-sentiers.fr/wp-content/uploads/2026/04/Vignes-mineraux_1pano-1024x515.jpg" alt="" class="wp-image-95" srcset="https://au-gres-des-sentiers.fr/wp-content/uploads/2026/04/Vignes-mineraux_1pano-1024x515.jpg 1024w, https://au-gres-des-sentiers.fr/wp-content/uploads/2026/04/Vignes-mineraux_1pano-300x151.jpg 300w, https://au-gres-des-sentiers.fr/wp-content/uploads/2026/04/Vignes-mineraux_1pano-768x387.jpg 768w, https://au-gres-des-sentiers.fr/wp-content/uploads/2026/04/Vignes-mineraux_1pano-1536x773.jpg 1536w, https://au-gres-des-sentiers.fr/wp-content/uploads/2026/04/Vignes-mineraux_1pano-2048x1031.jpg 2048w" sizes="auto, (max-width: 1024px) 100vw, 1024px" /></figure>



<div style="height:20px" aria-hidden="true" class="wp-block-spacer"></div>



<h4 class="wp-block-heading"><br>Au cœur du vignoble, découvrez les richesses du sous-sol et comment elles forgent la diversité des vins d’Alsace&nbsp;!</h4>



<p>Vous explorerez la colline sèche du Grasberg, près de Bergheim, qui recèlent nombre de surprises. Fossiles, minéraux, anciennes carrières,&#8230;tant de curiosités géologiques que Charlotte se fera une joie de vous expliquer, échantillons à l’appui. Cette diversité minérale est en grande partie liée directement à la pluralité des vins de nos terroirs.</p>



<p>Charlotte vous racontera le travail des vignerons tout au long de votre cheminement dans le vignoble où les vues, nombreuses, vous permettront d’admirer le Haut-Koenigsbourg et le château du Reichenberg.</p>



<p>Après avoir arpenté les vignes, vous aurez le privilège de déguster un vin local dans un cadre sublime. Ce moment convivial et désaltérant achèvera une sortie riche en découvertes.</p>



<div style="height:10px" aria-hidden="true" class="wp-block-spacer"></div>



<h4 class="wp-block-heading"><strong>Points forts</strong></h4>



<ul class="wp-block-list">
<li>Roches, minéraux et fossiles à observer</li>



<li>Vues tout au long d’un parcours au pied du Haut-Koenigsbourg</li>



<li>Moment convivial avec dégustation d’un vin local</li>
</ul>



<div style="height:10px" aria-hidden="true" class="wp-block-spacer"></div>



<div class="wp-block-buttons is-horizontal is-content-justification-center is-layout-flex wp-container-core-buttons-is-layout-03627597 wp-block-buttons-is-layout-flex">
<div class="wp-block-button"><a class="wp-block-button__link wp-element-button" href="mailto:contact@au-gres-des-sentiers.fr" target="_blank" rel="noreferrer noopener">Réserver</a></div>
</div>



<div style="height:10px" aria-hidden="true" class="wp-block-spacer"></div>



<figure class="wp-block-image size-large"><img loading="lazy" decoding="async" width="1024" height="768" src="https://au-gres-des-sentiers.fr/wp-content/uploads/2026/04/IMG_20250402_165239-1024x768.jpg" alt="" class="wp-image-96" srcset="https://au-gres-des-sentiers.fr/wp-content/uploads/2026/04/IMG_20250402_165239-1024x768.jpg 1024w, https://au-gres-des-sentiers.fr/wp-content/uploads/2026/04/IMG_20250402_165239-300x225.jpg 300w, https://au-gres-des-sentiers.fr/wp-content/uploads/2026/04/IMG_20250402_165239-768x576.jpg 768w, https://au-gres-des-sentiers.fr/wp-content/uploads/2026/04/IMG_20250402_165239-1536x1152.jpg 1536w, https://au-gres-des-sentiers.fr/wp-content/uploads/2026/04/IMG_20250402_165239-2048x1536.jpg 2048w" sizes="auto, (max-width: 1024px) 100vw, 1024px" /></figure>



<div style="height:10px" aria-hidden="true" class="wp-block-spacer"></div>



<h4 class="wp-block-heading"><strong>Date</strong></h4>



<ul class="wp-block-list">
<li>Mardi 21 avril</li>
</ul>



<div style="height:10px" aria-hidden="true" class="wp-block-spacer"></div>



<h4 class="wp-block-heading"><strong>Conditions</strong></h4>



<p><strong>&nbsp;</strong>Prévoir des vêtements adaptés à la randonnée, de bonnes chaussures pour marcher, et emmener de l’eau.</p>



<div style="height:10px" aria-hidden="true" class="wp-block-spacer"></div>



<h4 class="wp-block-heading"><strong>Tarifs</strong></h4>



<ul class="wp-block-list">
<li>Adulte&nbsp;: 25€</li>



<li>Ado (12-17 ans)&nbsp;: 20€</li>



<li>Enfant (7-11 ans)&nbsp;: 15€</li>
</ul>



<div style="height:10px" aria-hidden="true" class="wp-block-spacer"></div>



<h4 class="wp-block-heading"><strong>Informations pratiques</strong></h4>



<p><strong><em>Lieu de RDV&nbsp;:</em></strong> parking du cimetière militaire allemand du Grasberg à Bergheim (Grasbergweg)</p>



<p><strong><em>Heure de RDV&nbsp;: </em></strong>14h</p>



<p><strong><em>Durée&nbsp;:</em></strong> 3h à 3h30</p>



<p><em><strong>Public</strong>&nbsp;<strong>:</strong></em> tout public à partir de 7 ans (ne convient pas aux poussettes)</p>



<div style="height:10px" aria-hidden="true" class="wp-block-spacer"></div>



<h4 class="wp-block-heading"><strong>Réservation</strong></h4>



<p><em><strong>Réservation obligatoire</strong></em> par mail, SMS ou appel téléphonique&nbsp;jusqu’à la veille 11h à <a href="mailto:contact@au-gres-des-sentiers.fr">contact@au-gres-des-sentiers.fr</a> ou au <a href="tel:0759771692">07 59 77 16 92</a> </p>



<p style="font-size:clamp(14px, 0.875rem + ((1vw - 3.2px) * 0.104), 15px);">(<em>réservation de dernière minute possible de manière exceptionnelle et <em>uniquement par téléphone</em></em> <em>jusqu’au jour même à midi</em>, <em>sans garantie et <em>sous réserve de places disponibles</em></em>).</p>



<div class="wp-block-buttons is-content-justification-center is-layout-flex wp-container-core-buttons-is-layout-a89b3969 wp-block-buttons-is-layout-flex">
<div class="wp-block-button"><a class="wp-block-button__link wp-element-button" href="mailto:contact@au-gres-des-sentiers.fr" target="_blank" rel="noreferrer noopener">Réserver par mail</a></div>



<div class="wp-block-button"><a class="wp-block-button__link wp-element-button" href="tel:+33759771692" target="_blank" rel="noreferrer noopener">Appeler</a></div>
</div>



<div style="height:10px" aria-hidden="true" class="wp-block-spacer"></div>



<figure class="wp-block-image size-large"><img loading="lazy" decoding="async" width="1024" height="768" src="https://au-gres-des-sentiers.fr/wp-content/uploads/2026/04/IMG_20250402_154356-1024x768.jpg" alt="" class="wp-image-97" srcset="https://au-gres-des-sentiers.fr/wp-content/uploads/2026/04/IMG_20250402_154356-1024x768.jpg 1024w, https://au-gres-des-sentiers.fr/wp-content/uploads/2026/04/IMG_20250402_154356-300x225.jpg 300w, https://au-gres-des-sentiers.fr/wp-content/uploads/2026/04/IMG_20250402_154356-768x576.jpg 768w, https://au-gres-des-sentiers.fr/wp-content/uploads/2026/04/IMG_20250402_154356-1536x1152.jpg 1536w, https://au-gres-des-sentiers.fr/wp-content/uploads/2026/04/IMG_20250402_154356-2048x1536.jpg 2048w" sizes="auto, (max-width: 1024px) 100vw, 1024px" /></figure>

<p>Au Grasberg, à Bergheim Au cœur du vignoble, découvrez les richesses du sous-sol et comment elles forgent la diversité des vins d’Alsace&nbsp;! Vous explorerez la colline sèche du Grasberg, près de Bergheim, qui recèlent nombre de surprises. Fossiles, minéraux, anciennes carrières,&#8230;tant de curiosités géologiques que Charlotte se fera une joie de vous expliquer, échantillons à [&hellip;]</p>
