{"id":78,"date":"2026-04-13T11:29:15","date_gmt":"2026-04-13T09:29:15","guid":{"rendered":"https:\/\/au-gres-des-sentiers.fr\/?page_id=78"},"modified":"2026-04-14T20:48:08","modified_gmt":"2026-04-14T18:48:08","slug":"balade-guidee-au-galtz","status":"publish","type":"page","link":"https:\/\/au-gres-des-sentiers.fr\/index.php\/balade-guidee-au-galtz\/","title":{"rendered":"Balade guid\u00e9e au Galtz"},"content":{"rendered":"\n<h2 class=\"wp-block-heading has-text-align-center\">Vue \u00e0 360\u00b0<\/h2>\n\n\n\n<div style=\"height:10px\" aria-hidden=\"true\" class=\"wp-block-spacer\"><\/div>\n\n\n\n<figure class=\"wp-block-image alignwide size-large\"><img loading=\"lazy\" decoding=\"async\" width=\"1024\" height=\"460\" src=\"https:\/\/au-gres-des-sentiers.fr\/wp-content\/uploads\/2026\/04\/IMG_20260317_141223_PANO-1024x460.jpg\" alt=\"\" class=\"wp-image-84\" srcset=\"https:\/\/au-gres-des-sentiers.fr\/wp-content\/uploads\/2026\/04\/IMG_20260317_141223_PANO-1024x460.jpg 1024w, https:\/\/au-gres-des-sentiers.fr\/wp-content\/uploads\/2026\/04\/IMG_20260317_141223_PANO-300x135.jpg 300w, https:\/\/au-gres-des-sentiers.fr\/wp-content\/uploads\/2026\/04\/IMG_20260317_141223_PANO-768x345.jpg 768w, https:\/\/au-gres-des-sentiers.fr\/wp-content\/uploads\/2026\/04\/IMG_20260317_141223_PANO-1536x691.jpg 1536w, https:\/\/au-gres-des-sentiers.fr\/wp-content\/uploads\/2026\/04\/IMG_20260317_141223_PANO-2048x921.jpg 2048w\" sizes=\"auto, (max-width: 1024px) 100vw, 1024px\" \/><\/figure>\n\n\n\n<div style=\"height:20px\" aria-hidden=\"true\" class=\"wp-block-spacer\"><\/div>\n\n\n\n<h4 class=\"wp-block-heading\">Venez explorer un monument surprenant au c\u0153ur d\u2019une for\u00eat de montagne&nbsp;!<\/h4>\n\n\n\n<p>Au cours d\u2019une petite randonn\u00e9e facile, vous emprunterez des sentiers pittoresques o\u00f9 Charlotte vous d\u00e9voilera les secrets de la nature. Au sommet, vous attend l\u2019impressionnante statue du Galtz et sa vue panoramique \u00e0 360\u00b0 du haut de son pi\u00e9destal.<\/p>\n\n\n\n<p>Apr\u00e8s un moment convivial, puis une petite halte dans un vestige de la premi\u00e8re guerre mondiale, vous repartirez en direction des Trois-Epis, o\u00f9 Charlotte vous contera la l\u00e9gende de ce lieu de p\u00e8lerinage.<\/p>\n\n\n\n<div style=\"height:10px\" aria-hidden=\"true\" class=\"wp-block-spacer\"><\/div>\n\n\n\n<h4 class=\"wp-block-heading\"><strong>Points forts<\/strong><\/h4>\n\n\n\n<ul class=\"wp-block-list\">\n<li>Sortie assez facile, accessible \u00e0 tous<\/li>\n\n\n\n<li>Explications sur la nature et le patrimoine<\/li>\n\n\n\n<li>Superbe vue \u00e0 360\u00b0 au monument du Galtz<\/li>\n<\/ul>\n\n\n\n<div style=\"height:10px\" aria-hidden=\"true\" class=\"wp-block-spacer\"><\/div>\n\n\n\n<div class=\"wp-block-buttons is-horizontal is-content-justification-center is-layout-flex wp-container-core-buttons-is-layout-03627597 wp-block-buttons-is-layout-flex\">\n<div class=\"wp-block-button\"><a class=\"wp-block-button__link wp-element-button\" href=\"https:\/\/kaysersberg.regiondo.fr\/balade-guidee-au-galtz\" target=\"_blank\" rel=\"noreferrer noopener\">R\u00e9server<\/a><\/div>\n<\/div>\n\n\n\n<div style=\"height:10px\" aria-hidden=\"true\" class=\"wp-block-spacer\"><\/div>\n\n\n\n<figure class=\"wp-block-image size-large\"><img loading=\"lazy\" decoding=\"async\" width=\"1024\" height=\"769\" src=\"https:\/\/au-gres-des-sentiers.fr\/wp-content\/uploads\/2026\/04\/rec_IMG_20250627_115946-1024x769.jpg\" alt=\"\" class=\"wp-image-83\" srcset=\"https:\/\/au-gres-des-sentiers.fr\/wp-content\/uploads\/2026\/04\/rec_IMG_20250627_115946-1024x769.jpg 1024w, https:\/\/au-gres-des-sentiers.fr\/wp-content\/uploads\/2026\/04\/rec_IMG_20250627_115946-300x225.jpg 300w, https:\/\/au-gres-des-sentiers.fr\/wp-content\/uploads\/2026\/04\/rec_IMG_20250627_115946-768x577.jpg 768w, https:\/\/au-gres-des-sentiers.fr\/wp-content\/uploads\/2026\/04\/rec_IMG_20250627_115946-1536x1153.jpg 1536w, https:\/\/au-gres-des-sentiers.fr\/wp-content\/uploads\/2026\/04\/rec_IMG_20250627_115946-2048x1537.jpg 2048w\" sizes=\"auto, (max-width: 1024px) 100vw, 1024px\" \/><\/figure>\n\n\n\n<div style=\"height:10px\" aria-hidden=\"true\" class=\"wp-block-spacer\"><\/div>\n\n\n\n<h4 class=\"wp-block-heading\"><strong>Dates<\/strong><\/h4>\n\n\n\n<ul class=\"wp-block-list\">\n<li>Lundi 20 avril<\/li>\n\n\n\n<li>Dimanche 26 avril<\/li>\n<\/ul>\n\n\n\n<div style=\"height:10px\" aria-hidden=\"true\" class=\"wp-block-spacer\"><\/div>\n\n\n\n<h4 class=\"wp-block-heading\"><strong>Conditions<\/strong><\/h4>\n\n\n\n<p><strong>&nbsp;<\/strong>Pr\u00e9voir des v\u00eatements adapt\u00e9s \u00e0 la randonn\u00e9e, de bonnes chaussures pour marcher, et emmener de l\u2019eau.<\/p>\n\n\n\n<div style=\"height:10px\" aria-hidden=\"true\" class=\"wp-block-spacer\"><\/div>\n\n\n\n<h4 class=\"wp-block-heading\"><strong>Tarifs<\/strong><\/h4>\n\n\n\n<ul class=\"wp-block-list\">\n<li>Adulte&nbsp;: 15\u20ac<\/li>\n\n\n\n<li>Enfant (7-16ans)&nbsp;: 9 \u20ac<\/li>\n<\/ul>\n\n\n\n<div style=\"height:10px\" aria-hidden=\"true\" class=\"wp-block-spacer\"><\/div>\n\n\n\n<h4 class=\"wp-block-heading\"><strong>Informations pratiques<\/strong><\/h4>\n\n\n\n<p><strong><em>Lieu de RDV&nbsp;:<\/em><\/strong> parking des Antonins (pr\u00e8s du cimeti\u00e8re), rue du Chanoine Albert Salzmann, Trois-Epis (commune d\u2019Ammerschwihr)<\/p>\n\n\n\n<p><strong><em>Heure de RDV&nbsp;: <\/em><\/strong>14h30<\/p>\n\n\n\n<p><strong><em>Dur\u00e9e&nbsp;:<\/em><\/strong> 2h \u00e0 2h30<\/p>\n\n\n\n<p><em><strong>Public<\/strong>&nbsp;<strong>:<\/strong><\/em> tout public \u00e0 partir de 7 ans (ne convient pas aux poussettes)<\/p>\n\n\n\n<div style=\"height:10px\" aria-hidden=\"true\" class=\"wp-block-spacer\"><\/div>\n\n\n\n<h4 class=\"wp-block-heading\"><strong>R\u00e9servation<\/strong><\/h4>\n\n\n\n<p>R\u00e9servation obligatoire, possible jusqu\u2019\u00e0 la veille 20h.<\/p>\n\n\n\n<p style=\"font-size:clamp(14px, 0.875rem + ((1vw - 3.2px) * 0.104), 15px);\">(<em>r\u00e9servation de derni\u00e8re minute possible mais non garantie <em>et <em>sous r\u00e9serve de places disponibles<\/em><\/em> jusqu\u2019au jour m\u00eame \u00e0 midi<\/em> <em>par appel t\u00e9l\u00e9phonique<\/em> <em>au 07 59 77 16 92<\/em>).<\/p>\n\n\n\n<div class=\"wp-block-buttons is-content-justification-center is-layout-flex wp-container-core-buttons-is-layout-a89b3969 wp-block-buttons-is-layout-flex\">\n<div class=\"wp-block-button\"><a class=\"wp-block-button__link wp-element-button\" href=\"https:\/\/kaysersberg.regiondo.fr\/balade-guidee-au-galtz\" target=\"_blank\" rel=\"noreferrer noopener\">R\u00e9server<\/a><\/div>\n<\/div>\n\n\n\n<p>En partenariat avec l&rsquo;Office de Tourisme de la vall\u00e9e de Kaysersberg.<\/p>\n\n\n\n<div style=\"height:10px\" aria-hidden=\"true\" class=\"wp-block-spacer\"><\/div>\n\n\n\n<figure class=\"wp-block-image size-large\"><img loading=\"lazy\" decoding=\"async\" width=\"1024\" height=\"768\" src=\"https:\/\/au-gres-des-sentiers.fr\/wp-content\/uploads\/2026\/04\/rec_IMG_20260317_143240-1024x768.jpg\" alt=\"\" class=\"wp-image-85\" srcset=\"https:\/\/au-gres-des-sentiers.fr\/wp-content\/uploads\/2026\/04\/rec_IMG_20260317_143240-1024x768.jpg 1024w, https:\/\/au-gres-des-sentiers.fr\/wp-content\/uploads\/2026\/04\/rec_IMG_20260317_143240-300x225.jpg 300w, https:\/\/au-gres-des-sentiers.fr\/wp-content\/uploads\/2026\/04\/rec_IMG_20260317_143240-768x576.jpg 768w, https:\/\/au-gres-des-sentiers.fr\/wp-content\/uploads\/2026\/04\/rec_IMG_20260317_143240-1536x1151.jpg 1536w, https:\/\/au-gres-des-sentiers.fr\/wp-content\/uploads\/2026\/04\/rec_IMG_20260317_143240-2048x1535.jpg 2048w\" sizes=\"auto, (max-width: 1024px) 100vw, 1024px\" \/><\/figure>\n","protected":false},"excerpt":{"rendered":"<p>Vue \u00e0 360\u00b0 Venez explorer un monument surprenant au c\u0153ur d\u2019une for\u00eat de montagne&nbsp;! Au cours d\u2019une petite randonn\u00e9e facile, vous emprunterez des sentiers pittoresques o\u00f9 Charlotte vous d\u00e9voilera les secrets de la nature. Au sommet, vous attend l\u2019impressionnante statue du Galtz et sa vue panoramique \u00e0 360\u00b0 du haut de son pi\u00e9destal. Apr\u00e8s un [&hellip;]<\/p>\n","protected":false},"author":1,"featured_media":0,"parent":0,"menu_order":0,"comment_status":"closed","ping_status":"closed","template":"","meta":{"footnotes":""},"class_list":["post-78","page","type-page","status-publish","hentry"],"_links":{"self":[{"href":"https:\/\/au-gres-des-sentiers.fr\/index.php\/wp-json\/wp\/v2\/pages\/78","targetHints":{"allow":["GET"]}}],"collection":[{"href":"https:\/\/au-gres-des-sentiers.fr\/index.php\/wp-json\/wp\/v2\/pages"}],"about":[{"href":"https:\/\/au-gres-des-sentiers.fr\/index.php\/wp-json\/wp\/v2\/types\/page"}],"author":[{"embeddable":true,"href":"https:\/\/au-gres-des-sentiers.fr\/index.php\/wp-json\/wp\/v2\/users\/1"}],"replies":[{"embeddable":true,"href":"https:\/\/au-gres-des-sentiers.fr\/index.php\/wp-json\/wp\/v2\/comments?post=78"}],"version-history":[{"count":4,"href":"https:\/\/au-gres-des-sentiers.fr\/index.php\/wp-json\/wp\/v2\/pages\/78\/revisions"}],"predecessor-version":[{"id":103,"href":"https:\/\/au-gres-des-sentiers.fr\/index.php\/wp-json\/wp\/v2\/pages\/78\/revisions\/103"}],"wp:attachment":[{"href":"https:\/\/au-gres-des-sentiers.fr\/index.php\/wp-json\/wp\/v2\/media?parent=78"}],"curies":[{"name":"wp","href":"https:\/\/api.w.org\/{rel}","templated":true}]}}

Balade guidée au Galtz

<h2 class="wp-block-heading has-text-align-center">Vue à 360°</h2>



<div style="height:10px" aria-hidden="true" class="wp-block-spacer"></div>



<figure class="wp-block-image alignwide size-large"><img loading="lazy" decoding="async" width="1024" height="460" src="https://au-gres-des-sentiers.fr/wp-content/uploads/2026/04/IMG_20260317_141223_PANO-1024x460.jpg" alt="" class="wp-image-84" srcset="https://au-gres-des-sentiers.fr/wp-content/uploads/2026/04/IMG_20260317_141223_PANO-1024x460.jpg 1024w, https://au-gres-des-sentiers.fr/wp-content/uploads/2026/04/IMG_20260317_141223_PANO-300x135.jpg 300w, https://au-gres-des-sentiers.fr/wp-content/uploads/2026/04/IMG_20260317_141223_PANO-768x345.jpg 768w, https://au-gres-des-sentiers.fr/wp-content/uploads/2026/04/IMG_20260317_141223_PANO-1536x691.jpg 1536w, https://au-gres-des-sentiers.fr/wp-content/uploads/2026/04/IMG_20260317_141223_PANO-2048x921.jpg 2048w" sizes="auto, (max-width: 1024px) 100vw, 1024px" /></figure>



<div style="height:20px" aria-hidden="true" class="wp-block-spacer"></div>



<h4 class="wp-block-heading">Venez explorer un monument surprenant au cœur d’une forêt de montagne&nbsp;!</h4>



<p>Au cours d’une petite randonnée facile, vous emprunterez des sentiers pittoresques où Charlotte vous dévoilera les secrets de la nature. Au sommet, vous attend l’impressionnante statue du Galtz et sa vue panoramique à 360° du haut de son piédestal.</p>



<p>Après un moment convivial, puis une petite halte dans un vestige de la première guerre mondiale, vous repartirez en direction des Trois-Epis, où Charlotte vous contera la légende de ce lieu de pèlerinage.</p>



<div style="height:10px" aria-hidden="true" class="wp-block-spacer"></div>



<h4 class="wp-block-heading"><strong>Points forts</strong></h4>



<ul class="wp-block-list">
<li>Sortie assez facile, accessible à tous</li>



<li>Explications sur la nature et le patrimoine</li>



<li>Superbe vue à 360° au monument du Galtz</li>
</ul>



<div style="height:10px" aria-hidden="true" class="wp-block-spacer"></div>



<div class="wp-block-buttons is-horizontal is-content-justification-center is-layout-flex wp-container-core-buttons-is-layout-03627597 wp-block-buttons-is-layout-flex">
<div class="wp-block-button"><a class="wp-block-button__link wp-element-button" href="https://kaysersberg.regiondo.fr/balade-guidee-au-galtz" target="_blank" rel="noreferrer noopener">Réserver</a></div>
</div>



<div style="height:10px" aria-hidden="true" class="wp-block-spacer"></div>



<figure class="wp-block-image size-large"><img loading="lazy" decoding="async" width="1024" height="769" src="https://au-gres-des-sentiers.fr/wp-content/uploads/2026/04/rec_IMG_20250627_115946-1024x769.jpg" alt="" class="wp-image-83" srcset="https://au-gres-des-sentiers.fr/wp-content/uploads/2026/04/rec_IMG_20250627_115946-1024x769.jpg 1024w, https://au-gres-des-sentiers.fr/wp-content/uploads/2026/04/rec_IMG_20250627_115946-300x225.jpg 300w, https://au-gres-des-sentiers.fr/wp-content/uploads/2026/04/rec_IMG_20250627_115946-768x577.jpg 768w, https://au-gres-des-sentiers.fr/wp-content/uploads/2026/04/rec_IMG_20250627_115946-1536x1153.jpg 1536w, https://au-gres-des-sentiers.fr/wp-content/uploads/2026/04/rec_IMG_20250627_115946-2048x1537.jpg 2048w" sizes="auto, (max-width: 1024px) 100vw, 1024px" /></figure>



<div style="height:10px" aria-hidden="true" class="wp-block-spacer"></div>



<h4 class="wp-block-heading"><strong>Dates</strong></h4>



<ul class="wp-block-list">
<li>Lundi 20 avril</li>



<li>Dimanche 26 avril</li>
</ul>



<div style="height:10px" aria-hidden="true" class="wp-block-spacer"></div>



<h4 class="wp-block-heading"><strong>Conditions</strong></h4>



<p><strong>&nbsp;</strong>Prévoir des vêtements adaptés à la randonnée, de bonnes chaussures pour marcher, et emmener de l’eau.</p>



<div style="height:10px" aria-hidden="true" class="wp-block-spacer"></div>



<h4 class="wp-block-heading"><strong>Tarifs</strong></h4>



<ul class="wp-block-list">
<li>Adulte&nbsp;: 15€</li>



<li>Enfant (7-16ans)&nbsp;: 9 €</li>
</ul>



<div style="height:10px" aria-hidden="true" class="wp-block-spacer"></div>



<h4 class="wp-block-heading"><strong>Informations pratiques</strong></h4>



<p><strong><em>Lieu de RDV&nbsp;:</em></strong> parking des Antonins (près du cimetière), rue du Chanoine Albert Salzmann, Trois-Epis (commune d’Ammerschwihr)</p>



<p><strong><em>Heure de RDV&nbsp;: </em></strong>14h30</p>



<p><strong><em>Durée&nbsp;:</em></strong> 2h à 2h30</p>



<p><em><strong>Public</strong>&nbsp;<strong>:</strong></em> tout public à partir de 7 ans (ne convient pas aux poussettes)</p>



<div style="height:10px" aria-hidden="true" class="wp-block-spacer"></div>



<h4 class="wp-block-heading"><strong>Réservation</strong></h4>



<p>Réservation obligatoire, possible jusqu’à la veille 20h.</p>



<p style="font-size:clamp(14px, 0.875rem + ((1vw - 3.2px) * 0.104), 15px);">(<em>réservation de dernière minute possible mais non garantie <em>et <em>sous réserve de places disponibles</em></em> jusqu’au jour même à midi</em> <em>par appel téléphonique</em> <em>au 07 59 77 16 92</em>).</p>



<div class="wp-block-buttons is-content-justification-center is-layout-flex wp-container-core-buttons-is-layout-a89b3969 wp-block-buttons-is-layout-flex">
<div class="wp-block-button"><a class="wp-block-button__link wp-element-button" href="https://kaysersberg.regiondo.fr/balade-guidee-au-galtz" target="_blank" rel="noreferrer noopener">Réserver</a></div>
</div>



<p>En partenariat avec l&rsquo;Office de Tourisme de la vallée de Kaysersberg.</p>



<div style="height:10px" aria-hidden="true" class="wp-block-spacer"></div>



<figure class="wp-block-image size-large"><img loading="lazy" decoding="async" width="1024" height="768" src="https://au-gres-des-sentiers.fr/wp-content/uploads/2026/04/rec_IMG_20260317_143240-1024x768.jpg" alt="" class="wp-image-85" srcset="https://au-gres-des-sentiers.fr/wp-content/uploads/2026/04/rec_IMG_20260317_143240-1024x768.jpg 1024w, https://au-gres-des-sentiers.fr/wp-content/uploads/2026/04/rec_IMG_20260317_143240-300x225.jpg 300w, https://au-gres-des-sentiers.fr/wp-content/uploads/2026/04/rec_IMG_20260317_143240-768x576.jpg 768w, https://au-gres-des-sentiers.fr/wp-content/uploads/2026/04/rec_IMG_20260317_143240-1536x1151.jpg 1536w, https://au-gres-des-sentiers.fr/wp-content/uploads/2026/04/rec_IMG_20260317_143240-2048x1535.jpg 2048w" sizes="auto, (max-width: 1024px) 100vw, 1024px" /></figure>

<p>Vue à 360° Venez explorer un monument surprenant au cœur d’une forêt de montagne&nbsp;! Au cours d’une petite randonnée facile, vous emprunterez des sentiers pittoresques où Charlotte vous dévoilera les secrets de la nature. Au sommet, vous attend l’impressionnante statue du Galtz et sa vue panoramique à 360° du haut de son piédestal. Après un [&hellip;]</p>
